 5*s**2. Let o(m) be the second derivative of r(m). Determine o(0).
-4
Let x(j) = -19*j + 1. Let a(p) = -p**3 + 8*p**2 - 10*p + 20. Let b be a(7). What is x(b)?
20
Let q(w) = -2*w - 12. Let t be q(-4). Let d be 1/3*(6 + 0). Let z(a) = a**2 - a**3 - 1 - 5*a - 6*a**d + 0*a**3. Calculate z(t).
3
Let h(p) = 28*p**2 + p - 1. Let w(m) = m**2 - 18*m - 18. Let d be w(19). Determine h(d).
28
Suppose -n = 2*n - 6. Suppose -2*f - n = 0, -2*d + 2*f + 1 - 3 = 0. Let x(w) be the second derivative of -w**4/12 - w**3/3 + w**2 - 2*w. Give x(d).
2
Let c(i) = -3*i + 2. Let j(o) = -o. Let w(d) = c(d) - 2*j(d). Let p = -10 - -17. Suppose 2*q + 2 = -x + p, -5*q = -4*x - 45. Calculate w(x).
7
Suppose -k + 3 = -y - 2, -3*y - 13 = -2*k. Let d(v) = -2*v**2 + 2*v - 1. Calculate d(k).
-5
Let y be 24/(-132) + 70/22 - 3. Let t(h) be the third derivative of -1/6*h**3 + 0*h + 2*h**2 + y + 1/12*h**4. Calculate t(1).
1
Let d(v) = -v - 2. Suppose -2 = 2*i, 2*g - 4*i + 2 = 4*g. What is d(g)?
-5
Let d(f) be the second derivative of -3*f**5/20 - f**2/2 + 2*f. Suppose -z - 38 = 4*z + 2*s, -3*s - 12 = 0. Let c be (4/(-6))/((-4)/z). What is d(c)?
2
Suppose -3*h = h + 12. Let s be 1/(-1) - (h + -1). Let r(v) = -s*v - 3*v**2 + 16 + 5*v - 17. Determine r(2).
-9
Let c(y) = -y**2 + 14*y + 2. Let p be c(14). Let n(v) = -v. Determine n(p).
-2
Suppose -3*x - x - 24 = 0. Let c(n) = 2*n + 5. Let y be c(-4). Let u = x - y. Let q(z) = -4*z - 4. Calculate q(u).
8
Let f(u) = -u**2 - 2*u + 2. Let l(b) = -3*b + 10. Let z be l(4). Determine f(z).
2
Let c be 0 - (2 + -2 - 2). Let l be -2 - (-1 + c - 11). Let m(o) = -o**2 + 9*o - 9. Let h be m(l). Let q(j) = -4*j**2 - 2*j - 1. Determine q(h).
-3
Let z(x) = -20 - 4*x**3 + 15*x**2 + 18*x**2 - 12. Let a(v) = v**3 - 8*v**2 + 8. Let d(s) = 9*a(s) + 2*z(s). What is d(6)?
8
Let k(j) = -j + 2*j + 7 - 17 + j**2. Give k(0).
-10
Let d be ((-4)/(-2))/((-3)/6). Let a(z) = -z**2 - 6*z - 3. Calculate a(d).
5
Let u(w) = w - 4. Let s be 2 + -4 + 1 + 1. Calculate u(s).
-4
Let c be 24/(-18) - 13/(-3). Let h be 2/6 - 22/(-6). Suppose -h = c*t - t. Let m(n) = -n**2 - 3*n - 3. Determine m(t).
-1
Let w = -4 - -4. Let b(i) = -i**2 - 1. Calculate b(w).
-1
Let j = 41 + -42. Let x(f) be the second derivative of -f**4/6 + f**3/6 + 5*f. Determine x(j).
-3
Let o(p) be the first derivative of -p**6/40 - p**5/60 + p**4/12 - p**3/6 - p**2/2 - 1. Let q(h) be the second derivative of o(h). Determine q(1).
-3
Let m(b) = -2*b. Let q(r) be the second derivative of -r**5/20 + 11*r**4/12 + r**3/6 - 15*r**2/2 - 2*r. Let x be q(11). Calculate m(x).
8
Let a(h) be the first derivative of 1/2*h**2 + 4 + 4*h. Determine a(-3).
1
Let q(c) be the first derivative of c**2/2 - 2*c + 13. Determine q(-4).
-6
Let p(h) = 20*h - 14*h + 0*h**2 - 3 - 3*h**2 + 2*h**2. Let j be (12/(-7))/(-2)*7. Suppose -3*f + 0*f = -j. Give p(f).
5
Suppose -2*i + 5 = 11, -3*g = 5*i + 9. Let t(q) = 4*q**2 + q. Give t(g).
18
Suppose 2 = -2*b + f - 5*f, -b - 4*f - 7 = 0. Let h(j) = -2 - 6*j + 6*j - j. Determine h(b).
-7
Let i(a) = a**2. Suppose -10*p + 0 + 0 = 0. Give i(p).
0
Let l(z) = -z**3 + 4*z**2 - 8*z + 3. Let p(b) = -b**3 + 4*b**2 - 7*b + 3. Let y(o) = 3*l(o) - 4*p(o). Calculate y(4).
13
Let l(n) = n**3 - 3*n**2 - 5*n + 6. Let i be l(4). Let y(s) = -3*s**3 - s + 2. Calculate y(i).
-24
Let x(b) = b**3 - 10*b**2 + 6*b + 4. Let f(y) = y**3 - 9*y**2 + 5*y + 3. Let g(a) = -5*f(a) + 4*x(a). Let z(t) = -t + 10. Let q be z(5). Determine g(q).
-4
Let g(o) = 2*o. Let n(f) = f**3 - 7*f**2 + 2*f - 10. Let s be n(7). Suppose 5*v = s*w - 0*w + 20, -3*w - 15 = 0. Suppose a + v*a = -2. Give g(a).
-4
Suppose 11 = 5*t - 4*s, -4*t = -6*t + 5*s + 18. Let d(p) = -p**2 + p. Determine d(t).
-2
Suppose 0 = -4*t + h - 13, -4*h = 5*t + 2 + 9. Let z(w) = 8*w + 5. Let v(y) = -y + 6 - 2*y - 5 + 4*y. Let b(r) = t*v(r) + z(r). Calculate b(-2).
-8
Suppose 2*z - 14 = -2. Let f(c) be the second derivative of c**5/20 - c**4/2 - c**3/6 + c**2 + 7*c. Determine f(z).
-4
Let a(m) = -4*m + m + 7 - m - 6. Suppose -r + 3 = -0*r. Suppose 4*v - 2*k = 5 + 1, r*v + 5*k + 28 = 0. Determine a(v).
5
Let i(c) = c**2 + 7*c + 2. Let u be i(-7). Let h(w) = 1 - 4*w + 2*w**2 + u*w**2 - 5*w**2 + 0*w**2. Suppose 2*n - 3*n - 5 = 0. Determine h(n).
-4
Let u(r) = r**3 + 8*r**2 - 4*r - 26. Let q be u(-8). Suppose -8 = -0*i - 2*i. Let x(w) = -i*w + 4*w**2 - 2*w - 3*w**2 - 3. What is x(q)?
-3
Let d(q) = -q**2 - 6*q - 1. Let b be d(-6). Let v(u) = -2*u**3 - 2*u**2 + 0*u**3 - 1 + 4*u**2. Give v(b).
3
Let h = -5 + 10. Let b(d) = -d**3 - 6*d**2 + 1. Let y be b(-6). Let p(x) = 2*x - 5 + y - 2 - 1. What is p(h)?
3
Let d(t) = t**3 - 4*t**2 + 3*t + 4. Let n be 8/(-24)*-111*1. Suppose 25 = 5*s - b + 3*b, 0 = -4*s - 5*b + n. Calculate d(s).
4
Suppose -6*n + 2*n - 16 = 0. Let u = n + 1. Let z(i) = -i. Let a(r) = -8*r - 4. Let q(x) = -a(x) + 5*z(x). Calculate q(u).
-5
Let r(d) = -3*d**2 - d + 4. Let h(f) = -2*f**2 + 0*f**2 - 2*f + 2*f + 2. Let b(i) = 5*h(i) - 3*r(i). Calculate b(5).
-12
Suppose 0 = -2*i - 6 + 2. Let g = -5 - i. Let f be (-2)/g*(-9)/(-6). Let w(o) = -6*o**2 - o + 1. Give w(f).
-6
Let h(a) = a**2 - 2*a + 5. Let k(c) = -c**2 - 3*c + 8. Let o be k(-4). Give h(o).
13
Let l(m) = -8*m**3 - m**2 + m - 1. Let d(x) be the second derivative of x**4/12 - 5*x**3/6 - 5*x**2/2 + 3*x. Let s be d(6). What is l(s)?
-9
Let n = 13 + -9. Let l(u) = -10*u + 16*u - 9*u - u**2 + n - 4*u. Calculate l(-7).
4
Let u(i) = 3*i**2 - 1. Suppose -3*n - 54 = -3*k - k, -4*k + 50 = -n. Suppose -8*j + 4*j = -k. Suppose l + 5*x - 9 = 0, 0*l + x = -j*l - 1. What is u(l)?
2
Suppose v = 3 - 7. Let p(h) = -2*h - 6. Determine p(v).
2
Let d(c) = -c - 2. Let v be d(-5). Let u(w) be the second derivative of w**3/6 - 5*w**2/2 + 25*w. What is u(v)?
-2
Let f be ((-2)/(-5))/(5/50). Suppose 0 = -f*o - 6 - 6. Let w(a) = -a**2 - 4 - 5*a - 2*a**2 + 2*a**2. Determine w(o).
2
Suppose 2*z + 12 = 2*o - z, 5*o = 5*z + 25. Let v(w) = -w**3 + 3*w - 2 + 3*w**2 + 3 - 3. Give v(o).
7
Let w be 1*-3 - 5/20*-4. Let k(r) = -3*r**2 + 6*r + 17. Let v(j) = j**2 - 2*j - 6. Let q(m) = 4*k(m) + 11*v(m). What is q(w)?
-6
Let d(t) = t**2 + 3 - 28*t**3 + 16*t**3 + 11*t**3. What is d(0)?
3
Let m(z) be the second derivative of -z**6/120 + z**5/12 - z**4/4 + z**3/3 - z**2 + 3*z. Let x(l) be the first derivative of m(l). Determine x(4).
-6
Let g(w) = w**2 - 78*w - 2*w**2 + 79*w - 8. Let i be 1/(-2) - 2/(-4). Calculate g(i).
-8
Let o = 38 - 34. Let i(a) = -a**3 + 4*a**2 - 3. Determine i(o).
-3
Let b be -2 - 12/10*15/(-6). Let t(l) be the third derivative of -l**7/630 - l**6/720 + l**5/60 - l**2. Let m(y) be the third derivative of t(y). What is m(b)?
-9
Let h(l) = 4*l - 3*l + 6 + 4. Let r be h(-6). Let b(s) = -s**2 + s + 5. Calculate b(r).
-7
Let l(s) = 4*s**2 + 3*s + 4. Let y(f) be the first derivative of -11*f**3/3 - 4*f**2 - 12*f - 2. Let g(n) = -8*l(n) - 3*y(n). Let k = 2 + -2. Determine g(k).
4
Let y(d) = 4*d**2 - 5. Let b(z) = -3*z**2 - z + 4. Let u(s) = -3*b(s) - 2*y(s). Suppose -25 = -5*h - 5*c, 4*h + 2*c = h + 12. What is u(h)?
8
Let g(m) = -5*m**2 + 12*m - 21. Let l(v) = -3*v**2 + 8*v - 14. Suppose -k - 5 = -2*b + 4*k, 0 = k - 1. Let w(c) = b*g(c) - 8*l(c). Calculate w(-5).
2
Let u(s) = -s**2 + 4*s + 2. Suppose -3*r + 4 = -17. Let q = r + -3. Calculate u(q).
2
Let m(i) = 3*i + 1. Let b(k) = -k**3 - 4*k**2 + 4*k. Let g be b(-5). Let x be ((-6)/(-15))/(1/g). Give m(x).
7
Let o = -13 - -10. Let c be o/5 - (-18)/5. Suppose 3*u - 10 = j, 2*j - c*j - u = -10. Let m(r) = r**2 - 5*r - 1. Calculate m(j).
-1
Let p(k) = -7*k**3 + k. Let c = 1 + 4. Suppose -5*o + 29 = 4*z, -3*o - c*z + 2 = -5. Let w = o - 8. Determine p(w).
-6
Let m(l) = -2*l + 4. Suppose 1 = -3*x - 4*s, 8*x = 3*x + 4*s - 23. What is m(x)?
10
Let m(z) = 2*z**3 + 3*z**2 + 3*z + 3. Let v(a) = a - 12. Let q be v(10). What is m(q)?
-7
Let c = -3 - -9. Suppose -c = -2*d + 2. Let h(o) = -7*o**2 - 19*o + 21. Let w(s) = 3*s**2 + 9*s - 10. Let q(a) = d*h(a) + 9*w(a). Determine q(5).
-6
Suppose -5*l + 6 = -7*l. Let w be 3*((-24)/(-9) + l). Let b(q) = -q**3 - 2*q**2 + 1. Calculate b(w).
0
Let d = -3 + 4. Let y(w) be the second derivative of -3/20*w**5 + 0 + 1/2*w**2 - 1/3*w**3 + 1/12*w**4 - w. Give y(d).
-3
Let z(o) = -o**2 - 12*o - 7. Let g(j) = 5*j**2 + 15*j + 3. Let q(c) = c**2 + c - 1. Let w(y) = 